{"id":1078,"date":"2025-02-15T14:09:21","date_gmt":"2025-02-15T17:09:21","guid":{"rendered":"https:\/\/isfdyt74-bue.infd.edu.ar\/sitio\/?page_id=1078"},"modified":"2025-02-27T15:56:36","modified_gmt":"2025-02-27T18:56:36","slug":"documentos-normativas-concursos","status":"publish","type":"page","link":"https:\/\/isfdyt74-bue.infd.edu.ar\/sitio\/documentos-normativas-concursos\/","title":{"rendered":"Documentos &#8211; Normativas concursos"},"content":{"rendered":"\n<p><\/p>\n\n\n\n<p class=\"has-medium-font-size\"><a href=\"http:\/\/servicios.abc.gov.ar\/lainstitucion\/sistemaeducativo\/educacionsuperior\/_normativas\/documentos\/resolucion_nro5886_cobertura_de_catedra.pdf\">Resoluci\u00f3n 5886\/03<\/a><\/p>\n\n\n\n<p class=\"has-medium-font-size\"><a href=\"https:\/\/drive.google.com\/drive\/folders\/1vyJOpmuSYkmBEigT0Tl4iq4LYtkhcbNM?usp=sharing\">RAM &#8211; R\u00e9gimen Acad\u00e9mico Marco<\/a><\/p>\n\n\n\n<p class=\"has-medium-font-size\"><a href=\"https:\/\/drive.google.com\/drive\/folders\/1GVeCwj8XJEF6kprXfO4PGAT2jlh9wi9e?usp=sharing\">Documentos ESI<\/a><\/p>\n\n\n\n<p class=\"has-medium-font-size\"><a href=\"https:\/\/drive.google.com\/file\/d\/1h-mLTzhk7DARbZ04gPCzQCWecpRd8Umq\/view?usp=drive_link\">Calendario de Actividades Docentes 2025<\/a><\/p>\n\n\n\n<p class=\"has-medium-font-size\"><a href=\"https:\/\/drive.google.com\/file\/d\/1AoG1jlATanq7gS-jvHsd0vYUE1L-r8_t\/view?usp=sharing\">Charla de acompa\u00f1amiento para la escritura de proyectos<\/a> (material)<\/p>\n\n\n\n<p class=\"has-medium-font-size\"><a href=\"https:\/\/drive.google.com\/file\/d\/1S0yy6xcbnBHTxkeNlzi-HyQnt0B6hRjE\/view?usp=sharing\">Calendario PP &#8211; Clases mediadas por tecnolog\u00eda<\/a><\/p>\n\n\n\n<p class=\"has-medium-font-size\">Importante: Los dise\u00f1os curriculares de las distintas carreras que se dictan en nuestro instituto, se encuentran en el men\u00fa <strong>secciones <\/strong>de este sitio.<\/p>\n","protected":false},"excerpt":{"rendered":"<p>Resoluci\u00f3n 5886\/03 RAM &#8211; R\u00e9gimen Acad\u00e9mico Marco Documentos ESI Calendario de Actividades Docentes 2025 Charla de acompa\u00f1amiento para la escritura de proyectos (material) Calendario PP &#8211; Clases mediadas por tecnolog\u00eda Importante: Los dise\u00f1os curriculares de las distintas carreras que se dictan en nuestro instituto, se encuentran en el men\u00fa secciones de este sitio.<\/p>\n","protected":false},"author":15,"featured_media":0,"parent":0,"menu_order":0,"comment_status":"closed","ping_status":"closed","template":"","meta":[],"acf":[],"_links":{"self":[{"href":"https:\/\/isfdyt74-bue.infd.edu.ar\/sitio\/wp-json\/wp\/v2\/pages\/1078"}],"collection":[{"href":"https:\/\/isfdyt74-bue.infd.edu.ar\/sitio\/wp-json\/wp\/v2\/pages"}],"about":[{"href":"https:\/\/isfdyt74-bue.infd.edu.ar\/sitio\/wp-json\/wp\/v2\/types\/page"}],"author":[{"embeddable":true,"href":"https:\/\/isfdyt74-bue.infd.edu.ar\/sitio\/wp-json\/wp\/v2\/users\/15"}],"replies":[{"embeddable":true,"href":"https:\/\/isfdyt74-bue.infd.edu.ar\/sitio\/wp-json\/wp\/v2\/comments?post=1078"}],"version-history":[{"count":7,"href":"https:\/\/isfdyt74-bue.infd.edu.ar\/sitio\/wp-json\/wp\/v2\/pages\/1078\/revisions"}],"predecessor-version":[{"id":1104,"href":"https:\/\/isfdyt74-bue.infd.edu.ar\/sitio\/wp-json\/wp\/v2\/pages\/1078\/revisions\/1104"}],"wp:attachment":[{"href":"https:\/\/isfdyt74-bue.infd.edu.ar\/sitio\/wp-json\/wp\/v2\/media?parent=1078"}],"curies":[{"name":"wp","href":"https:\/\/api.w.org\/{rel}","templated":true}]}}