{"id":716,"date":"2018-06-28T00:57:36","date_gmt":"2018-06-28T03:57:36","guid":{"rendered":"https:\/\/isfdyt74-bue.infd.edu.ar\/sitio\/informacion-para-alumnos\/"},"modified":"2025-10-30T21:29:50","modified_gmt":"2025-10-31T00:29:50","slug":"informacion-para-alumnos","status":"publish","type":"page","link":"https:\/\/isfdyt74-bue.infd.edu.ar\/sitio\/informacion-para-alumnos\/","title":{"rendered":"Informaci\u00f3n para Estudiantes &#8211; INSCRIPCIONES"},"content":{"rendered":"<h3>Requisitos de Inscripci\u00f3n &#8211; 2026<\/h3>\n<ul>\n<li>Planilla de SIU Guaran\u00ed<\/li>\n<li>Fotocopia de DNI<\/li>\n<li>Fotocopia T\u00edtulo Secundario o constancia de t\u00edtulo en tr\u00e1mite<\/li>\n<li>Partida de Nacimiento<\/li>\n<li>2 Fotos Carnet<\/li>\n<li>Certificado de Aptitud Psicof\u00edsica<\/li>\n<li>Carpeta de 3 Solapas<\/li>\n<\/ul>\n<h2 style=\"text-align: center;\">Preinscripci\u00f3n<\/h2>\n<p>Enlace para preinscripci\u00f3n: <a href=\"https:\/\/preinscripciones.guarani.abc.gob.ar\/\">https:\/\/preinscripciones.guarani.abc.gob.ar\/<\/a><\/p>\n<p>Tutorial:\u00a0<a href=\"https:\/\/www.youtube.com\/watch?v=1sd8rDHb0nk\">https:\/\/www.youtube.com\/watch?v=1sd8rDHb0nk<\/a>\u00a0<\/p>\n<p>\u00a0<\/p>\n<h2>\u00a0<\/h2>\n<p>\u00a0<\/p>\n\n\n<p><\/p>\n\n\n\n<p><\/p>\n","protected":false},"excerpt":{"rendered":"<p>Requisitos de Inscripci\u00f3n &#8211; 2026 Planilla de SIU Guaran\u00ed Fotocopia de DNI Fotocopia T\u00edtulo Secundario o constancia de t\u00edtulo en tr\u00e1mite Partida de Nacimiento 2 Fotos Carnet Certificado de Aptitud Psicof\u00edsica Carpeta de 3 Solapas Preinscripci\u00f3n Enlace para preinscripci\u00f3n: https:\/\/preinscripciones.guarani.abc.gob.ar\/ Tutorial:\u00a0https:\/\/www.youtube.com\/watch?v=1sd8rDHb0nk\u00a0 \u00a0 \u00a0 \u00a0<\/p>\n","protected":false},"author":12,"featured_media":0,"parent":0,"menu_order":0,"comment_status":"closed","ping_status":"closed","template":"","meta":[],"acf":[],"_links":{"self":[{"href":"https:\/\/isfdyt74-bue.infd.edu.ar\/sitio\/wp-json\/wp\/v2\/pages\/716"}],"collection":[{"href":"https:\/\/isfdyt74-bue.infd.edu.ar\/sitio\/wp-json\/wp\/v2\/pages"}],"about":[{"href":"https:\/\/isfdyt74-bue.infd.edu.ar\/sitio\/wp-json\/wp\/v2\/types\/page"}],"author":[{"embeddable":true,"href":"https:\/\/isfdyt74-bue.infd.edu.ar\/sitio\/wp-json\/wp\/v2\/users\/12"}],"replies":[{"embeddable":true,"href":"https:\/\/isfdyt74-bue.infd.edu.ar\/sitio\/wp-json\/wp\/v2\/comments?post=716"}],"version-history":[{"count":13,"href":"https:\/\/isfdyt74-bue.infd.edu.ar\/sitio\/wp-json\/wp\/v2\/pages\/716\/revisions"}],"predecessor-version":[{"id":1186,"href":"https:\/\/isfdyt74-bue.infd.edu.ar\/sitio\/wp-json\/wp\/v2\/pages\/716\/revisions\/1186"}],"wp:attachment":[{"href":"https:\/\/isfdyt74-bue.infd.edu.ar\/sitio\/wp-json\/wp\/v2\/media?parent=716"}],"curies":[{"name":"wp","href":"https:\/\/api.w.org\/{rel}","templated":true}]}}