{"id":751,"date":"2018-06-28T00:57:45","date_gmt":"2018-06-28T03:57:45","guid":{"rendered":"https:\/\/isfdyt74-bue.infd.edu.ar\/sitio\/autoridades\/"},"modified":"2023-11-02T20:42:01","modified_gmt":"2023-11-02T23:42:01","slug":"autoridades","status":"publish","type":"page","link":"https:\/\/isfdyt74-bue.infd.edu.ar\/sitio\/autoridades\/","title":{"rendered":"Autoridades"},"content":{"rendered":"\n<p><strong>DIRECTORA:<\/strong> Profesora Mar\u00eda Carla Sola<\/p>\n\n\n\n<p><strong>REGENTE:<\/strong> Ing. Juan Miguel Di Matteo<\/p>\n\n\n\n<p><strong>SECRETARIA:<\/strong> Profesora Nadia Mari\u00f1o<\/p>\n\n\n\n<p><strong>JEFE DE AREA:<\/strong> Cr. Mart\u00edn Funes<\/p>\n\n\n\n<p><strong>JEFE DE AREA FORMACI\u00d2N INICIAL:<\/strong> Profesora Ver\u00f3nica Capriglioni<\/p>\n","protected":false},"excerpt":{"rendered":"<p>DIRECTORA: Profesora Mar\u00eda Carla Sola REGENTE: Ing. Juan Miguel Di Matteo SECRETARIA: Profesora Nadia Mari\u00f1o JEFE DE AREA: Cr. Mart\u00edn Funes JEFE DE AREA FORMACI\u00d2N INICIAL: Profesora Ver\u00f3nica Capriglioni<\/p>\n","protected":false},"author":12,"featured_media":0,"parent":0,"menu_order":0,"comment_status":"closed","ping_status":"closed","template":"","meta":[],"acf":[],"_links":{"self":[{"href":"https:\/\/isfdyt74-bue.infd.edu.ar\/sitio\/wp-json\/wp\/v2\/pages\/751"}],"collection":[{"href":"https:\/\/isfdyt74-bue.infd.edu.ar\/sitio\/wp-json\/wp\/v2\/pages"}],"about":[{"href":"https:\/\/isfdyt74-bue.infd.edu.ar\/sitio\/wp-json\/wp\/v2\/types\/page"}],"author":[{"embeddable":true,"href":"https:\/\/isfdyt74-bue.infd.edu.ar\/sitio\/wp-json\/wp\/v2\/users\/12"}],"replies":[{"embeddable":true,"href":"https:\/\/isfdyt74-bue.infd.edu.ar\/sitio\/wp-json\/wp\/v2\/comments?post=751"}],"version-history":[{"count":6,"href":"https:\/\/isfdyt74-bue.infd.edu.ar\/sitio\/wp-json\/wp\/v2\/pages\/751\/revisions"}],"predecessor-version":[{"id":968,"href":"https:\/\/isfdyt74-bue.infd.edu.ar\/sitio\/wp-json\/wp\/v2\/pages\/751\/revisions\/968"}],"wp:attachment":[{"href":"https:\/\/isfdyt74-bue.infd.edu.ar\/sitio\/wp-json\/wp\/v2\/media?parent=751"}],"curies":[{"name":"wp","href":"https:\/\/api.w.org\/{rel}","templated":true}]}}