{"id":756,"date":"2018-06-28T00:57:47","date_gmt":"2018-06-28T03:57:47","guid":{"rendered":"https:\/\/isfdyt74-bue.infd.edu.ar\/sitio\/ubicacion\/"},"modified":"2021-11-15T20:30:58","modified_gmt":"2021-11-15T23:30:58","slug":"ubicacion","status":"publish","type":"page","link":"https:\/\/isfdyt74-bue.infd.edu.ar\/sitio\/ubicacion\/","title":{"rendered":"Ubicaci\u00f3n"},"content":{"rendered":"<p>\u00a0Escanea el c\u00f3digo QR para ver la ubicaci\u00f3n de nuestro instituto o hac\u00e9 clic en el enlace a google maps<\/p>\n<p><a href=\"https:\/\/www.google.com\/maps\/place\/35%C2%B045'42.0%22S+58%C2%B029'51.8%22W\/@-35.7616532,-58.4999194,17z\/data=!3m1!4b1!4m5!3m4!1s0x0:0xe9dc0ca16f19ba7!8m2!3d-35.7616532!4d-58.4977307?hl=es\"><img decoding=\"async\" loading=\"lazy\" class=\"alignnone  wp-image-832\" src=\"https:\/\/isfdyt74-bue.infd.edu.ar\/sitio\/wp-content\/uploads\/2021\/11\/qrcode_www.google.com_.png\" alt=\"\" width=\"236\" height=\"236\" srcset=\"https:\/\/isfdyt74-bue.infd.edu.ar\/sitio\/wp-content\/uploads\/2021\/11\/qrcode_www.google.com_.png 730w, https:\/\/isfdyt74-bue.infd.edu.ar\/sitio\/wp-content\/uploads\/2021\/11\/qrcode_www.google.com_-500x500.png 500w\" sizes=\"(max-width: 236px) 100vw, 236px\" \/>https:\/\/www.google.com\/maps\/place\/35%C2%B045&#8217;42.0%22S+58%C2%B029&#8217;51.8%22W\/@-35.7616532,-58.4999194,17z\/data=!3m1!4b1!4m5!3m4!1s0x0:0xe9dc0ca16f19ba7!8m2!3d-35.7616532!4d-58.4977307?hl=es<\/a><\/p>\n\n\n<p><\/p>\n","protected":false},"excerpt":{"rendered":"<p>\u00a0Escanea el c\u00f3digo QR para ver la ubicaci\u00f3n de nuestro instituto o hac\u00e9 clic en el enlace a google maps https:\/\/www.google.com\/maps\/place\/35%C2%B045&#8217;42.0%22S+58%C2%B029&#8217;51.8%22W\/@-35.7616532,-58.4999194,17z\/data=!3m1!4b1!4m5!3m4!1s0x0:0xe9dc0ca16f19ba7!8m2!3d-35.7616532!4d-58.4977307?hl=es<\/p>\n","protected":false},"author":12,"featured_media":0,"parent":0,"menu_order":0,"comment_status":"closed","ping_status":"closed","template":"","meta":[],"acf":[],"_links":{"self":[{"href":"https:\/\/isfdyt74-bue.infd.edu.ar\/sitio\/wp-json\/wp\/v2\/pages\/756"}],"collection":[{"href":"https:\/\/isfdyt74-bue.infd.edu.ar\/sitio\/wp-json\/wp\/v2\/pages"}],"about":[{"href":"https:\/\/isfdyt74-bue.infd.edu.ar\/sitio\/wp-json\/wp\/v2\/types\/page"}],"author":[{"embeddable":true,"href":"https:\/\/isfdyt74-bue.infd.edu.ar\/sitio\/wp-json\/wp\/v2\/users\/12"}],"replies":[{"embeddable":true,"href":"https:\/\/isfdyt74-bue.infd.edu.ar\/sitio\/wp-json\/wp\/v2\/comments?post=756"}],"version-history":[{"count":2,"href":"https:\/\/isfdyt74-bue.infd.edu.ar\/sitio\/wp-json\/wp\/v2\/pages\/756\/revisions"}],"predecessor-version":[{"id":835,"href":"https:\/\/isfdyt74-bue.infd.edu.ar\/sitio\/wp-json\/wp\/v2\/pages\/756\/revisions\/835"}],"wp:attachment":[{"href":"https:\/\/isfdyt74-bue.infd.edu.ar\/sitio\/wp-json\/wp\/v2\/media?parent=756"}],"curies":[{"name":"wp","href":"https:\/\/api.w.org\/{rel}","templated":true}]}}